8893120.
2, 5, 307, 18413
What are the prime factors of 224434537?
163, 1376899
List the prime factors of 15598057.
15598057
List the prime factors of 1662310377.
3, 7, 13, 107, 6323
What are the prime factors of 22139700?
2, 3, 5, 11, 6709
List the prime factors of 492458778.
2, 3, 7, 434267
What are the prime factors of 124134473?
23, 47, 114833
What are the prime factors of 1095327488?
2, 421, 10163
List the prime factors of 112652017.
89, 97, 13049
What are the prime factors of 1209974281?
113, 10707737
What are the prime factors of 49314137?
49314137
What are the prime factors of 29104383?
3, 7, 11, 41, 439
What are the prime factors of 4667530577?
4667530577
What are the prime factors of 255464383?
271, 283, 3331
List the prime factors of 1587573432.
2, 3, 816653
What are the prime factors of 68331915?
3, 5, 1013, 1499
List the prime factors of 647059853.
11, 857, 68639
List the prime factors of 6821081627.
59, 115611553
List the prime factors of 51351063.
3, 59, 290119
What are the prime factors of 836968746?
2, 3, 139494791
List the prime factors of 61454798.
2, 30727399
List the prime factors of 315847922.
2, 13, 12147997
What are the prime factors of 329582211?
3, 7, 211, 74381
What are the prime factors of 71749691?
13, 5519207
List the prime factors of 46280164.
2, 7, 1652863
What are the prime factors of 38546006?
2, 19273003
List the prime factors of 46960172.
2, 7, 19, 103, 857
What are the prime factors of 107598509?
107598509
List the prime factors of 35675087.
7, 104009
What are the prime factors of 1312380716?
2, 1783, 184013
List the prime factors of 92525570.
2, 5, 59, 156823
What are the prime factors of 73016601?
3, 7, 19, 182999
List the prime factors of 55029753.
3, 2038139
What are the prime factors of 703090256?
2, 11, 59, 67709
What are the prime factors of 15204524?
2, 1913, 1987
List the prime factors of 156787074.
2, 3, 8710393
What are the prime factors of 299303488?
2, 11, 425147
What are the prime factors of 142608238?
2, 103, 692273
What are the prime factors of 443903819?
2953, 150323
What are the prime factors of 686735596?
2, 983, 174653
What are the prime factors of 48411358?
2, 79, 347, 883
What are the prime factors of 975561334?
2, 11, 29, 1529093
List the prime factors of 374921202.
2, 3, 79, 379, 2087
List the prime factors of 248527071.
3, 13, 29, 89, 823
List the prime factors of 2507887428.
2, 3, 5849, 35731
What are the prime factors of 19987207?
23, 37783
List the prime factors of 104303423.
7, 43, 197, 1759
List the prime factors of 2696788391.
11, 67, 3659143
What are the prime factors of 133574399?
7, 19082057
List the prime factors of 51965476.
2, 491, 26459
What are the prime factors of 519940008?
2, 3, 7, 163, 6329
What are the prime factors of 280594190?
2, 5, 53, 529423
What are the prime factors of 160522016?
2, 5016313
What are the prime factors of 636454508?
2, 71, 2241037
What are the prime factors of 2050813765?
5, 7, 11, 13, 409753
What are the prime factors of 78901241?
761, 103681
What are the prime factors of 73781478?
2, 3, 37, 139, 797
List the prime factors of 252056577.
3, 84018859
What are the prime factors of 260923395?
3, 5, 17, 1023229
What are the prime factors of 3133954845?
3, 5, 7, 17, 587, 997
List the prime factors of 6580674341.
1319, 4989139
List the prime factors of 855245582.
2, 313, 401, 3407
List the prime factors of 583532408.
2, 19, 3839029
List the prime factors of 3014400278.
2, 41, 61, 602639
List the prime factors of 293025978.
2, 3, 7, 59, 1877
List the prime factors of 39719442.
2, 3, 7, 945701
List the prime factors of 135149209.
13, 109, 127, 751
List the prime factors of 1457127269.
13, 223, 502631
List the prime factors of 43895237.
601, 73037
What are the prime factors of 4263875976?
2, 3, 23, 613, 12601
List the prime factors of 59311233.
3, 43, 153259
What are the prime factors of 495650?
2, 5, 23, 431
List the prime factors of 350862442.
2, 7, 3580229
What are the prime factors of 8621720238?
2, 3, 17, 463, 10739
List the prime factors of 50914233.
3, 97, 58321
What are the prime factors of 627524895?
3, 5, 5431, 7703
List the prime factors of 2988228494.
2, 23, 601, 108089
What are the prime factors of 3027132540?
2, 3, 5, 17, 419, 787
List the prime factors of 16091115.
3, 5, 37, 79, 367
What are the prime factors of 189330461?
189330461
List the prime factors of 132308372.
2, 7, 31, 152429
What are the prime factors of 997335382?
2, 929, 536779
What are the prime factors of 794226188?
2, 7, 28365221
What are the prime factors of 1226444803?
1226444803
List the prime factors of 1376108.
2, 29, 11863
List the prime factors of 1057048700.
2, 5, 179, 59053
What are the prime factors of 813489030?
2, 3, 5, 37, 244291
What are the prime factors of 313513819?
31, 10113349
List the prime factors of 956630814.
2, 3, 53, 3008273
What are the prime factors of 2239093622?
2, 1119546811
List the prime factors of 4583205717.
3, 139, 10990901
What are the prime factors of 71133786?
2, 3, 97, 131, 311
What are the prime factors of 9355557?
3, 3118519
What are the prime factors of 418214706?
2, 3, 7, 13, 109423
What are the prime factors of 65324185?
5, 19, 687623
What are the prime factors of 1374869362?
2, 61, 641, 17581
What are the prime factors of 1532422675?
5, 7, 19, 641, 719
List the prime factors of 2224747770.
2, 3, 5, 7, 83, 109, 1171
List the prime factors of 1107321722.
2, 13, 2027, 21011
List the prime factors of 36625742.
2, 61, 83, 3617
What are the prime factors of 910744419?
3, 13, 193, 120997
What are the prime factors of 802738002?
2, 3, 11, 347, 35051
What are the prime factors of 74986109?
11, 43, 59, 2687
What are the prime factors of 6178568086?
2, 19, 5407, 30071
List the prime factors of 454984909.
61, 2557, 2917
List the prime factors of 9430068.
2, 3, 785839
List the prime factors of 121005571.
3581, 33791
What are the prime factors of 236969354?
2, 118484677
List the prime factors of 52369685.
5, 10473937
List the prime factors of 1960806916.
2, 19, 31, 431, 1931
List the prime factors of 275873912.
2, 41, 841079
List the prime factors of 21637147.
7, 3091021
List the prime factors of 10169707.
379, 26833
List the prime factors of 1183915902.
2, 3, 13, 15178409
List the prime factors of 1732270716.
2, 3, 11, 4374421
What are the prime factors of 1311657266?
2, 71, 367, 25169
List the prime factors of 909686889.
3, 83, 89, 4561
What are the prime factors of 17688862?
2, 139, 63629
List the prime factors of 1632252430.
2, 5, 163225243
List the prime factors of 427968199.
23, 587, 31699
What are the prime factors of 15944336?
2, 23, 37, 1171
List the prime factors of 251698274.
2, 557, 225941
What are the prime factors of 25711340?
2, 5, 79, 16273
What are the prime factors of 609601186?
2, 47, 6485119
List the prime factors of 4487352392.
2, 560919049
What are the prime factors of 3156079416?
2, 3, 7, 191, 14051
What are the prime factors of 310619398?
2, 155309699
What are the prime factors of 280549403?
280549403
List the prime factors of 1314661945.
5, 23, 647, 17669
What are the prime factors of 458715603?
3, 37, 179, 23087
List the prime factors of 1653402085.
5, 29, 601, 18973
What are the prime factors of 3770336164?
2, 7, 19236409
List the prime factors of 24771137.
24771137
List the prime factors of 653957544.
2, 3, 41, 127, 5233
What are the prime factors of 243832486?
2, 59, 1069, 1933
What are the prime factors of 344251093?
344251093
What are the prime factors of 16452991?
17, 967823
List the prime factors of 770644.
2, 7, 17, 1619
What are the prime factors of 2176464?
2, 3, 45343
What are the prime factors of 25415796?
2, 3, 7, 443, 683
What are the prime factors of 591239567?
4691, 126037
What are the prime factors of 13208146?
2, 7, 134777
List the prime factors of 1149347730.
2, 3, 5, 17, 59, 38197
What are the prime factors of 83552437?
59, 1416143
List the prime factors of 166316132.
2, 41579033
What are the prime factors of 50677700?
2, 5, 229, 2213
List the prime factors of 63756268.
2, 29, 549623
List the prime factors of 4190314521.
3, 691, 2021377
List the prime factors of 30245671.
89, 339839
What are the prime factors of 69534484?
2, 883, 19687
List the prime factors of 1702262000.
2, 5, 851131
List